s).
-17
Let h(a) = 0*a + 6*a**2 - 2 + a**3 + 3*a + 2. Let c be (-12 + 3 - -3)/(-2). Let f be -2*(c/(-2) + 4). Calculate h(f).
10
Let o(t) be the second derivative of t**6/120 + 3*t**5/20 - t**4/24 + 5*t**3/6 + 49*t**2 + 13*t + 1. Let s(z) be the first derivative of o(z). Calculate s(-9).
14
Let j(l) = 9*l + 20. Let f(w) = 5*w + 4. Let s(i) = f(i) - j(i). Determine s(4).
-32
Let h = -1434 - -1437. Let j(p) = -3*p**2 + 5*p + 7. What is j(h)?
-5
Suppose -3*z - 27 = -3*y, 0 = 5*z - 4*y + 16 + 33. Let t(i) = 5*i - 11. Let q(m) = m. Let p(u) = -6*q(u) + t(u). Calculate p(z).
2
Let h be -11 - 9*14/(-21). Let k(p) = 6*p + 3. Let r(w) = 6*w + 3. Let s(n) = -5*k(n) + 6*r(n). Determine s(h).
-27
Let k be ((-9)/1)/(30/(-20)). Suppose 24*s - k = 25*s. Let z(y) = -y**3 - 6*y**2 - 3*y - 6. Give z(s).
12
Let o(i) = 0 - 97*i - 1 + 93*i. Suppose g + 4*j = 9*j - 1, -j = 5*g + 5. Determine o(g).
3
Suppose -55*k + 54*k + 2*u - 5 = 0, 0 = -2*k - 4*u + 14. Let f = -3 - -6. Let d(h) = -13*h + 3. Let g(o) = 6*o - 2. Let w(b) = f*d(b) + 5*g(b). Determine w(k).
-10
Let z(o) be the third derivative of o**6/120 - 7*o**5/60 + o**4/6 + 3*o**3/2 - 2*o**2 - 1067*o. Give z(7).
37
Let o(b) be the first derivative of -7*b**3/3 - 8*b**2 + 2*b + 3082. Determine o(-3).
-13
Let y(s) = -3*s**2 + 6*s - 3. Let u(f) = -3*f**2 + 6*f - 3. Let n(d) = 3*u(d) - 4*y(d). Let w be (-3)/(110/88 - (0 + 2)). Give n(w).
27
Let v(p) = -54*p + 110. Let w(g) = 80*g - 161. Let c(k) = 7*v(k) + 5*w(k). Calculate c(8).
141
Let p = -24 + 27. Let x(s) = 64*s**2 + s**p + 6*s - 2 - 3*s - 67*s**2. Let v(j) = j**3 - j**2 - 3*j + 2. Let o be v(0). Calculate x(o).
0
Let c(b) = -3*b - 48. Let f(z) = z**3 - 20*z**2 - 72*z + 52. Let l be f(23). What is c(l)?
3
Let i(z) = -27*z**2 - 4*z - 1. Let v be 33/198 - (-7)/(-6). Give i(v).
-24
Let r(n) = -n - 39 + 10*n - 28 - 31 + 19. Calculate r(9).
2
Let a be -5 + 70/15 + (-508)/6. Let w be ((-36)/15*a/51)/1. Let c(y) be the second derivative of -y**5/20 + y**4/4 + 5*y**3/6 - 3*y**2 + 2*y. What is c(w)?
-2
Let k be 74/185 - 28/(-5). Let r(x) = -60 + k*x + 122 + x**2 - 59. Let i(l) = 2*l + 6. Let a be i(-5). Calculate r(a).
-5
Suppose -5*l + 4*m + 50 = -9, l + m = 1. Let h(p) = -p**2 - 9*p - 7. Determine h(l).
-119
Let l(c) be the first derivative of c**4/4 + c**3/3 - 2*c**2 - 2*c - 5520. Give l(0).
-2
Let x(l) = 2*l + 5. Let s(t) = t**3 - 2*t**2 - 9*t + 4. Let v be s(4). Suppose v = 16*a + 4*a + 120. Give x(a).
-7
Let j(f) = 3*f - 16. Let m(n) = n**2 - 47*n + 188. Let w be m(43). Calculate j(w).
32
Let n = 640 - 635. Suppose -t - t = -2*y + 4, -5*t = n*y - 30. Let x(i) = -i**2 + 3*i - 2. What is x(y)?
-6
Let b(p) be the first derivative of -p**3/3 - 3*p**2 - 4*p - 2. Let z be (6/15)/((-6)/(-15)) - -2. Suppose 5 = -y - z*y + 5*o, -y = -3*o - 4. What is b(y)?
1
Let v(l) = -l**2 - 2*l + 1. Let a be (4/(-2) + 4)*(-42)/4. Let z be 6/9 - 364/a. Let q = -20 + z. Determine v(q).
1
Let u(p) = 133*p - 41. Let n be u(2). Let w(i) = -4*i - n + 2*i - 222 + 450. Calculate w(-3).
9
Let g(j) = 14*j**3 + 4*j**2 - j - 15. Let d(r) = -2*r + 39. Let v be d(11). Let s(p) = -3 - 5*p**3 + 3 - p**2 + 5. Let c(l) = v*s(l) + 6*g(l). Give c(6).
-5
Let s(u) = -264*u + 16. Let n(m) = 93*m - 6. Let g(w) = 17*n(w) + 6*s(w). Give g(-5).
9
Suppose 0 = u + 3*t + 8, -2*t = -2*u + 3*t + 17. Let n(l) = -l**2 + 15*l**3 + 60*l - 175*l + 116*l + 0 + 5*l**3 - 1. Give n(u).
19
Let c(f) = -f**3 + 14*f**2 - 13*f. Suppose -17*x + 8944 = 9*x. Let m = x - 331. Determine c(m).
0
Let x(y) = 670491*y**2 + 9*y - 4 - 670483*y**2 + 9*y. What is x(-3)?
14
Let r = -27786 + 27790. Let h(c) be the first derivative of c**3/3 - 4*c**2 + 15*c - 5. Determine h(r).
-1
Let f(m) = -6*m - 1. Suppose -4*t = -7*t + 3. Let n be -3 + (-3 - t) + 4. Let j = n + 4. Calculate f(j).
-7
Suppose -4*k = 3*d - d + 2, 3*d - 5 = 2*k. Let x be (431/7)/k - 30/70. Let l = -61 - x. Let a(j) = -10*j. Determine a(l).
-10
Suppose -2*x + 3*d - 5 = 0, 3*d + 97 - 82 = -3*x. Let t(n) = -n**3 - n**2 + 18*n + 7. What is t(x)?
-17
Let j(z) = -z**2 - 25*z - 43. Let i be 1341/(-90) - 8 - 2/20. Calculate j(i).
3
Let w(d) = -2*d - 2. Suppose -14*g + 68*g + 52 = 2*g. Give w(g).
0
Let t(c) = -c**3 - 10*c**2 + c + 9. Suppose 424*f = 418*f - 294. Let m be 511/f - (-9)/21. Determine t(m).
-1
Let w(k) = -48*k + 227*k**2 - 228*k**2 + 3313 - 3595. What is w(-7)?
5
Let o(a) = a**2 + 7*a + 2. Let r(z) = -11*z - 41. Let u be r(-6). Suppose -u = 3*m - 4. What is o(m)?
2
Let h(k) = -3*k - 7. Let z be (3*35/(-63))/((-5)/(-15)) + -6. What is h(z)?
26
Let i(b) be the first derivative of b**3/3 + b**2 - 455. Let j = -25 + 27. Suppose 5*x - y + 5 = 0, y + 3 = -5*x - j. What is i(x)?
-1
Let p(d) = -11*d**3 - 2*d + 2. Let v be p(1). Let i be (v/(-22))/((-1)/(-6)). Let g be (i - (2 + -2))*(5 + -3). Let t(o) = o**2 - 6*o + 1. Determine t(g).
1
Let o(u) = 70 - 30 - 31 + 2*u. Let m be 6/8*6 + 2/(-4). Suppose 4*a = m*z + 36, 33 = z - 5*z + 3*a. Calculate o(z).
-3
Let l(c) = -c**3 + 5*c**2 + 7*c + 7. Suppose 2*x - 5*x - 135 = 5*v, 4*v + 12 = 0. Let j = -33 - x. Suppose 0 = 4*d - j*d + 18. What is l(d)?
13
Suppose -3 = 2*n - 39. Let x(v) = -2*v**2 + 35*v - 20. Let t be x(n). Let s = t - -40. Let h(g) = g**2 + 1. Calculate h(s).
5
Let b(l) = -2*l**2 - 19*l + 13. Let f be 140/(-28)*(-27)/(-15). Determine b(f).
22
Let h(f) = 6*f + 8. Let q be h(0). Let g be 12/q + -1 - 45/6. Let j(l) = l**3 + 8*l**2 + 9*l + 9. Give j(g).
-5
Let t(c) = -38*c + 4. Let d(y) = 64*y - 3. Let f(q) = 3*d(q) + 5*t(q). What is f(-3)?
5
Let w(b) = b**3 - 10*b**2 + 6*b + 3. Let a(q) = 11*q + 26. Let i be a(-11). Let t = i - -104. Give w(t).
-24
Let g = -82 - -83. Let j be (g - -3) + 9/(3/(-3)). Let u(c) = -5*c**2 + 3*c - 10. Let x(t) = t**2 + 1. Let w(v) = u(v) + 6*x(v). Calculate w(j).
6
Let i(v) = v - 10. Let w = 54 - 66. Let g be -4 + 4/(w/(-21)). Suppose 0 = 6*z - g*z - 21. Give i(z).
-3
Suppose -84*z + 37*z + 260 = -27*z. Let s(a) = -a**3 + 13*a**2 - a - 6. What is s(z)?
-19
Suppose 34*j + 578 - 340 = 0. Let b(u) be the first derivative of u**4/4 + 8*u**3/3 + 7*u**2/2 - 6*u - 1. Calculate b(j).
-6
Let r(u) = 2*u - 7 + 1 - 5*u - 40*u**2 + 39*u**2. What is r(0)?
-6
Let p(c) = -2*c - 4. Let i be (-2)/(-4)*-1*(10 - 8). Let t be (-2 + 6)*i - -10. Suppose 3 = -t*u + 3. Give p(u).
-4
Let z = 74 - 82. Let d(q) = -2*q**2 - q. Let k(t) = -9*t**2 - 10*t + 18. Let w(m) = 4*d(m) - k(m). Give w(z).
-2
Suppose -241*w + 1028 - 305 = 0. Let c(b) = 3*b - b - b**3 + 0*b**3 + 3. Calculate c(w).
-18
Let k(l) = -9 + l**2 - 2 + 70*l - 69*l + 9. What is k(0)?
-2
Let d(t) = -t**3 - 22*t**2 + 7*t + 25. Let l(z) = -3*z**3 - 65*z**2 + 19*z + 75. Let o(b) = 8*d(b) - 3*l(b). What is o(-19)?
-6
Let d(h) be the first derivative of -7*h**3/3 + 7*h**2/2 - 7*h + 742. Determine d(1).
-7
Let t(d) = -13*d**3 - 4*d - 3. Suppose 925*m = 2*o + 920*m + 2, 3*o - 2*m = -3. Give t(o).
14
Let b(z) = -z**2 + 153*z - 2769. Let c be b(132). Let p(y) be the first derivative of 2*y + 37 + 1/3*y**c + 1/2*y**2 - 3/4*y**4. Give p(-2).
28
Let v(o) = -5*o + 0 + 7*o - 11 + 8*o - o**2. Let b be v(8). Let n(l) = 10*l + 1 + b*l - 12*l. What is n(1)?
4
Let q(f) = 18 - 9*f**2 + 9 + 93 + f**3 - 4*f - 114. What is q(7)?
-120
Let f(x) be the third derivative of -x**6/60 + 11*x**5/15 - 2*x**3 + 2*x**2 + 457. Calculate f(22).
-12
Let i(g) = -g**2 + 18*g - 58. Let j be ((21/(-6))/7)/4 - 105/(-8). Give i(j).
7
Let a(p) = 11*p**3 - 19*p**2 - 9*p + 20. Let c(q) = 25*q**3 - 40*q**2 - 18*q + 42. Let v(h) = 9*a(h) - 4*c(h). Calculate v(-9).
-69
Suppose 7 = -4*v - 5*b, 3*v - 6*b + 8*b = 0. Let k(i) = 8*i**v + 13 + 5*i + 1 + i**3 - 5. Suppose -3*z + 2*u - 29 = 0, 3 = -3*z + 2*z - u. Calculate k(z).
23
Suppose -14*g - 5*x - 5 = -12*g, 4*x = -3*g - 4. Let u(a) be the third derivative of -1/120*a**6 + 1/8*a**4 + 1/3*a**3 + a**2 + 0*a + g - 1/12*a**5. Give u(-5).
-13
Let q(h) = 63*h + 622. Let z be q(-10). Let x(u) = -u**2 - 4*u - 17. Give x(z).
-49
Let g(b) be the second derivative of -b**5/20 + b**3/6 + b**2/2 + 3*b. Let m(f) = -8*f**2 + 2. Let x = 549 - 550. Let u(i) = x*g(i) - m(i). Calculate u(-8).
5
Let r be 12/5 + 5/((-125)/10). Suppose 0 = -4*f - r*p + 20, f - 3 = -p + 3. Suppose f*y + 2*m - 3*m = 7, -m = 4*y - 1. Let k(t) = 6*t**2. Determine k(y).
6
Suppose 2*p - 23 = 5*c, 7*p - 2*p = -